rime?
False
Is 35689 composite?
True
Is 101833 a composite number?
False
Is 3034283 a composite number?
True
Is 77143 a composite number?
True
Is 709 prime?
True
Is 1799 a prime number?
False
Is 40841 a prime number?
True
Is 58731 composite?
True
Is 102761 a prime number?
True
Is 647817 composite?
True
Is 2581 a prime number?
False
Is 8977 a prime number?
False
Is 531931 prime?
False
Is 381 a prime number?
False
Is 47981 a prime number?
True
Is 64481 a composite number?
True
Is 1237981 prime?
False
Is 6669397 prime?
False
Is 22343 a prime number?
True
Is 2483 a composite number?
True
Is 2108177 composite?
False
Is 21787 a composite number?
False
Is 2119 prime?
False
Is 2183281 prime?
True
Is 2179 prime?
True
Is 202859 a prime number?
True
Is 10037 prime?
True
Is 47627 composite?
True
Is 152545 composite?
True
Is 1319 composite?
False
Is 739 composite?
False
Is 33257 prime?
False
Is 22163 a composite number?
True
Is 79889 composite?
False
Is 1046063 composite?
True
Is 2537 prime?
False
Is 7343 a prime number?
False
Is 2024609 composite?
True
Is 54089 composite?
True
Is 42131 prime?
True
Is 8251 prime?
False
Is 12607 composite?
True
Is 6117 a composite number?
True
Is 62801 composite?
False
Is 17039 a prime number?
False
Is 2767 a composite number?
False
Is 366323 a prime number?
False
Is 66857 prime?
False
Is 4861 a prime number?
True
Is 164847 composite?
True
Is 11449 composite?
True
Is 425527 composite?
True
Is 239331 prime?
False
Is 415379 a prime number?
True
Is 131 prime?
True
Is 162103 a composite number?
True
Is 31687 prime?
True
Is 35051 a prime number?
True
Is 186551 prime?
True
Is 23801 a composite number?
False
Is 397 a prime number?
True
Is 40027 prime?
False
Is 64151 a composite number?
False
Is 806339 a prime number?
False
Is 1049941 prime?
True
Is 1469 prime?
False
Is 16591 composite?
True
Is 9871 composite?
False
Is 58757 composite?
False
Is 119965 prime?
False
Is 21139 a prime number?
True
Is 5833 prime?
False
Is 5779 a prime number?
True
Is 3163 a composite number?
False
Is 5363 prime?
False
Is 48073 a prime number?
True
Is 124043 a composite number?
True
Is 1129603 a composite number?
False
Is 667 composite?
True
Is 127123 a composite number?
False
Is 19861 composite?
False
Is 957851 a composite number?
False
Is 127207 prime?
True
Is 8663 composite?
False
Is 304233 composite?
True
Is 1227623 a prime number?
False
Is 3453 prime?
False
Is 62189 composite?
False
Is 1761703 prime?
True
Is 1168031 a composite number?
False
Is 69505 a prime number?
False
Is 191413 a prime number?
True
Is 263 a composite number?
False
Is 1763 a composite number?
True
Is 312722 composite?
True
Is 9314 a composite number?
True
Is 21557 a composite number?
False
Is 700301 a prime number?
False
Is 26753 prime?
False
Is 52951 a composite number?
False
Is 998885 prime?
False
Is 3793 composite?
False
Is 1141171 a composite number?
False
Is 32329 composite?
True
Is 10193 a composite number?
False
Is 10211 prime?
True
Is 1841 a composite number?
True
Is 36383 a composite number?
False
Is 787489 prime?
True
Is 5216567 prime?
True
Is 21083 prime?
False
Is 16022 a prime number?
False
Is 13781 a composite number?
False
Is 105153 a prime number?
False
Is 10589 a composite number?
False
Is 57503 a prime number?
True
Is 102241 prime?
True
Is 415 a composite number?
True
Is 240871 composite?
True
Is 118307 a composite number?
True
Is 453671 prime?
True
Is 408547 composite?
True
Is 4497 composite?
True
Is 3037 prime?
True
Is 613 a composite number?
False
Is 27421 a prime number?
False
Is 25013 a composite number?
False
Is 119317 a composite number?
True
Is 332589 composite?
True
Is 34519 composite?
False
Is 283889 a prime number?
False
Is 2601601 prime?
True
Is 853705 a composite number?
True
Is 41771 prime?
True
Is 20341 a composite number?
False
Is 63907 prime?
True
Is 3707 prime?
False
Is 493 composite?
True
Is 114301 prime?
False
Is 2006429 a prime number?
True
Is 585337 composite?
False
Is 270791 a composite number?
False
Is 100922 composite?
True
Is 56983 a composite number?
False
Is 18509 a prime number?
False
Is 197609 a prime number?
True
Is 125017 a prime number?
True
Is 1425161 a composite number?
True
Is 235159 a prime number?
True
Is 3277 prime?
False
Is 23081 a prime number?
True
Is 133919 a composite number?
False
Is 5919 a prime number?
False
Is 12511 prime?
True
Is 3271 prime?
True
Is 30617 prime?
False
Is 21059 a composite number?
False
Is 2579 composite?
False
Is 106319 a prime number?
True
Is 46133 composite?
False
Is 8353 prime?
True
Is 4213 prime?
False
Is 34253 prime?
True
Is 19811 a composite number?
True
Is 4907 a prime number?
False
Is 7807 prime?
False
Is 5269 prime?
False
Is 2022749 a composite number?
False
Is 96643 prime?
True
Is 687065 prime?
False
Is 81311 composite?
True
Is 10007 a prime number?
True
Is 3407 a prime number?
True
Is 14741 a prime number?
True
Is 11793 prime?
False
Is 1261 a prime number?
False
Is 1565359 composite?
True
Is 1963 composite?
True
Is 159869 composite?
False
Is 2531 a composite number?
False
Is 22229 a prime number?
True
Is 5581 prime?
True
Is 18859 a composite number?
False
Is 414571 a composite number?
False
Is 89 a composite number?
False
Is 30257 a composite number?
True
Is 52627 prime?
True
Is 1353967 a prime number?
True
Is 2611 a prime number?
False
Is 54907 composite?
False
Is 403649 prime?
True
Is 38473 a composite number?
True
Is 120011 a composite number?
False
Is 10897 a prime number?
False
Is 63859 a composite number?
True
Is 10577 prime?
False
Is 1540861 a prime number?
False
Is 1731953 composite?
False
Is 87082 composite?
True
Is 48171 a composite number?
True
Is 20011 a composite number?
False
Is 22613 composite?
False
Is 4127 composite?
False
Is 14461 prime?
True
Is 928307 a composite number?
False
Is 2333 a prime number?
True
Is 272759 a prime number?
True
Is 4211 a prime number?
True
Is 295663 prime?
True
Is 363257 a prime number?
True
Is 108863 composite?
False
Is 1823 a prime number?
True
Is 9733 prime?
True
Is 78059 prime?
True
Is 18355 prime?
False
Is 5447 prime?
False
Is 94161 prime?
False
Is 122 prime?
False
Is 1357 prime?
False
Is 2099 composite?
False
Is 40781 a composite number?
True
Is 21531 prime?
False
Is 32081 prime?
False
Is 61301 a composite number?
True
Is 949 prime?
False
Is 853687 composite?
False
Is 433129 prime?
False
Is 2053 a prime number?
True
Is 1326373 prime?
False
Is 1318 composite?
True
Is 787243 prime?
True
Is 152183 a composite number?
False
Is 136163 a prime number?
True
Is 335483 prime?
False
Is 119159 a prime number?
True
Is 243655 a composite number?
True
Is 50599 a prime number?
True
Is 44351 prime?
True
Is 1703651 a prime number?
True
Is 20467 composite?
True
Is 20323 prime?
True
Is 21701 prime?
True
Is 35461 a prime number?
True
Is 42421 a composite number?
True
Is 72433 a prime number?
False
Is 17647 a composite number?
True
Is 40961 prime?
True
Is 51477 composite?
True
Is 51257 composite?
False
Is 29231 composite?
False
Is 80737 a composite number?
False
Is 31643 prime?
True
Is 167509 a prime number?
False
Is 8209 prime?
True
Is 26971 composite?
True
Is 6113 prime?
True
Is 6421 a composite number?
False
Is 24665 a prime number?
False
Is 7559 a prime number?
True
Is 1178621 a composite number?
False
Is 23531 a composite number?
False
Is 55235 a composite number?
True
Is 757109 composite?
False
Is 6761 composite?
False
Is 8222 composite?
True
Is 100201 prime?
False
Is 753 a composite number?
True
Is 6779 prime?
True
Is 82057 prime?
False
Is 12319 a composite number?
True
Is 719 composite?
False
Is 1757 a prime number?
False
Is 2933 composite?
True
Is 33047 prime?
False
Is 22405 a prime number?
False
Is 14899 a prime number?
False
Is 265861 composite?
False
Is 57107 a composite number?
False
Is 25817 a composite number?
True
Is 50433 prime?
False
Is 70859 a prime number?
False
Is 631573 a composite number?
False
Is 1748243 composite?
True
Is 204059 composite?
False
Is 146555 a prime number?
False
Is 16619 a composite number?
False
Is 7151 composite?
False
Is 529957 a composite number?
False
Is 877 a composite number?
False
Is 15421 a composite number?
True
Is 11969 a prime number?
True
Is 116411 a prime number?
True
Is 12707 a prime number?
False
Is